nvert -141 (base 11) to base 13.
-ca
Convert -100101111001011 (base 2) to base 10.
-19403
6232 (base 8) to base 16
c9a
Convert -2c2 (base 14) to base 4.
-20302
What is -3303 (base 9) in base 11?
-1912
What is -114468 (base 9) in base 3?
-10111112022
Convert 123 (base 11) to base 5.
1041
Convert 1211 (base 12) to base 7.
5626
What is 614 (base 11) in base 5?
10431
Convert -996 (base 10) to base 8.
-1744
What is -110011100100 (base 2) in base 4?
-303210
-835 (base 11) to base 13
-5c5
-866 (base 13) to base 6
-10352
Convert -222111002 (base 3) to base 16.
-4b6b
What is -1425 (base 7) in base 16?
-22e
10001111 (base 3) to base 13
1024
What is -1cd4 (base 14) in base 11?
-3a72
101111100110100 (base 2) to base 11
17347
Convert 9441 (base 12) to base 16.
3f31
-27da (base 14) to base 4
-1232030
What is 401 (base 15) in base 11?
74a
Convert 11020200100 (base 3) to base 5.
10133401
What is 220040 (base 5) in base 10?
7520
What is -ca6 (base 13) in base 2?
-100001110100
What is -2635 (base 14) in base 11?
-5051
What is 111000010101 (base 2) in base 13?
1844
What is -96 (base 15) in base 6?
-353
Convert -235 (base 9) to base 5.
-1234
What is -1251 (base 13) in base 4?
-220221
What is -569 (base 11) in base 3?
-221012
What is -535442 (base 6) in base 10?
-44018
Convert -210 (base 15) to base 14.
-253
What is 12123 (base 11) in base 15?
5284
Convert -4a67 (base 11) to base 6.
-50331
Convert 25312 (base 6) to base 13.
1955
What is 124012 (base 5) in base 10?
4882
Convert -2311 (base 6) to base 12.
-397
Convert 101100001101111 (base 2) to base 12.
11127
Convert -1223 (base 5) to base 12.
-138
Convert -34021 (base 6) to base 4.
-1022131
Convert -22751 (base 11) to base 3.
-1200001120
What is -21554 (base 6) in base 5?
-44042
1100010100 (base 2) to base 11
657
What is 2774 (base 8) in base 9?
2082
-8389 (base 12) to base 2
-11100000011001
What is -13133 (base 4) in base 16?
-1df
Convert 1c6a (base 13) to base 9.
5822
-74a8 (base 11) to base 13
-4690
Convert -132033 (base 4) to base 15.
-890
What is -432a (base 11) in base 5?
-140334
-2020330 (base 4) to base 14
-32a0
What is -11110100010 (base 2) in base 4?
-132202
What is -141 (base 16) in base 14?
-18d
What is 121232 (base 5) in base 4?
1013113
Convert -150035 (base 6) to base 9.
-21525
b26 (base 15) to base 8
4717
What is -413544 (base 6) in base 8?
-100750
Convert 10021121022 (base 3) to base 5.
4031332
What is 1011101011100 (base 2) in base 16?
175c
What is 53506 (base 7) in base 14?
4bad
Convert 2b (base 13) to base 16.
25
-1015 (base 7) to base 4
-11203
Convert 13460 (base 7) to base 8.
7124
What is -415b (base 12) in base 10?
-7127
-270b (base 12) to base 11
-33a9
What is -c4 (base 13) in base 16?
-a0
What is -1bc (base 13) in base 16?
-144
Convert 62335 (base 8) to base 3.
1022102100
Convert -389 (base 16) to base 6.
-4105
118776 (base 9) to base 6
1313410
Convert d5b (base 14) to base 16.
a45
Convert 378 (base 16) to base 8.
1570
a9d (base 14) to base 10
2099
Convert -169e (base 16) to base 4.
-1122132
1001101 (base 2) to base 12
65
-10100011010 (base 2) to base 3
-1210101
Convert 5b1 (base 13) to base 15.
45e
1101011000100 (base 2) to base 3
100101210
1011100111 (base 2) to base 9
1015
222020 (base 3) to base 2
1011000100
451 (base 14) to base 8
1527
What is 2103 (base 5) in base 12?
1b2
Convert 5bc (base 13) to base 2.
1111101000
Convert 18067 (base 10) to base 15.
5547
Convert 132312 (base 4) to base 15.
8b9
What is 4605 (base 10) in base 3?
20022120
1d3 (base 16) to base 15
212
What is 2100220200 (base 3) in base 11?
32008
What is 7929 (base 10) in base 16?
1ef9
101010111 (base 2) to base 10
343
Convert -200121112 (base 3) to base 2.
-11010100000000
What is -48a (base 13) in base 14?
-406
21001313 (base 4) to base 12
1949b
-6653 (base 11) to base 5
-240040
9ac (base 15) to base 16
88b
-176b (base 15) to base 3
-20221002
-2045 (base 6) to base 8
-715
What is -75603 (base 8) in base 7?
-161120
Convert 582 (base 10) to base 14.
2d8
-300 (base 4) to base 2
-110000
787 (base 9) to base 7
1612
What is -5533 (base 10) in base 13?
-2698
Convert 102114 (base 6) to base 10.
8254
What is 13231 (base 5) in base 9?
1414
What is -1b5b (base 15) in base 14?
-2240
What is 11210222 (base 3) in base 7?
13142
What is -24211 (base 7) in base 11?
-479a
What is 100351 (base 6) in base 16?
1eeb
Convert -124550 (base 7) to base 3.
-1011220112
Convert -50510 (base 6) to base 9.
-10126
448 (base 10) to base 15
1ed
18674 (base 13) to base 7
254513
Convert -34d7 (base 16) to base 10.
-13527
-73411 (base 8) to base 12
-15775
-93cd (base 14) to base 5
-1303330
What is 533 (base 6) in base 12?
149
What is -11505 (base 6) in base 7?
-4643
What is 6446 (base 7) in base 12?
13a8
Convert 32023 (base 5) to base 10.
2138
-50502 (base 6) to base 10
-6662
What is -1523 (base 6) in base 15?
-1c6
What is -40114 (base 5) in base 16?
-9e6
Convert 1705 (base 8) to base 3.
1022202
Convert 101000001010 (base 2) to base 3.
10112012
-1570 (base 12) to base 14
-ccc
Convert -41334 (base 6) to base 11.
-4178
What is 1222 (base 10) in base 4?
103012
59 (base 12) to base 3
2120
-c245 (base 14) to base 16
-8265
Convert 1143 (base 10) to base 7.
3222
Convert 2202102110 (base 3) to base 15.
11120
What is 2330 (base 5) in base 8?
524
Convert -8a99 (base 14) to base 13.
-ac3a
What is 23104 (base 8) in base 9?
14384
-13a0 (base 16) to base 4
-1032200
10432 (base 7) to base 2
101000111100
Convert -2303113 (base 4) to base 14.
-427d
What is 16b3 (base 13) in base 11?
2582
Convert 101110011 (base 2) to base 3.
111202
What is 1701 (base 14) in base 8?
10025
What is 32768 (base 12) in base 16?
104c0
-311000 (base 5) to base 7
-41343
What is 3201 (base 5) in base 10?
426
200 (base 4) to base 7
44
11112022 (base 3) to base 7
12425
What is -2b8 (base 16) in base 14?
-37a
What is -3485 (base 10) in base 8?
-6635
What is 15d2 (base 15) in base 14?
19d7
1122002 (base 3) to base 8
2246
What is 101010010 (base 2) in base 5?
2323
What is 103125 (base 6) in base 14?
3137
Convert -5103 (base 6) to base 8.
-2137
What is -7026 (base 8) in base 3?
-11221120
Convert -1561 (base 10) to base 12.
-aa1
What is -22112222 (base 3) in base 2?
-1100001011100
Convert 905 (base 12) to base 2.
10100010101
Convert -525 (base 6) to base 3.
-21022
128ca (base 13) to base 16
86a9
110001111 (base 2) to base 11
333
Convert 956 (base 13) to base 7.
4433
-22137 (base 9) to base 7
-60562
2200 (base 8) to base 13
6a8
What is -10310 (base 5) in base 10?
-705
What is 21650 (base 8) in base 14?
3480
212110010 (base 3) to base 16
42c6
-61435 (base 7) to base 6
-153151
1720 (base 9) to base 5
20224
What is -2455 (base 8) in base 14?
-6a9
What is 7119 (base 11) in base 15?
2c08
Convert -626 (base 13) to base 16.
-416
-e7f (base 16) to base 8
-7177
Convert -421502 (base 6) to base 13.
-12698
-379 (base 13) to base 4
-21133
Convert -1133231 (base 4) to base 16.
-17ed
Convert 10100100111101010 (base 2) to base 9.
137762
Convert -34885 (base 9) to base 6.
-255552
Convert -1010000001 (base 2) to base 4.
-22001
-266 (base 7) to base 15
-9b
Convert -a (base 15) to base 4.
-22
What is 221202212 (base 3) in base 2?
100100101100100
What is 10000010001 (base 2) in base 3?
1102120
-4e8 (base 15) to base 14
-59c
Convert 254 (base 9) to base 6.
551
What is -58a (base 15) in base 9?
-1644
What is -136220 (base 7) in base 15?
-7b55
Convert -2608 (base 9) to base 8.
-3640
-4301 (base 10) to base 16
-10cd
What is -1112033 (base 6) in base 11?
-39234
What is 256 (base 16) in base 3?
211011
32a (base 15) to base 14
391
-129 (base 12) to base 15
-bc
Convert -6072 (base 8) to base 14.
-11d8
What is 191 (base 10) in base 15?
cb
Convert 5340 (base 7) to base 4.
131202
What is 110001100110000 (base 2) in base 15?
77cc
What is -11458 (base 15) in base 5?
-3224413
Convert 10001001011010 (base 2) to base 3.
110001201
Convert 101322 (base 4) to base 3.
1120110
What is 1044 (base 11) in base 6?
10215
241211 (base 5) to base 6
105203
What is 929 (base 12) in base 5?
20304
What is 3223302 (base 4) in base 3?
202200220
What is 11212 (base 3) in base 10?
131
Convert -1010110110010011 (base 2) to base 9.
-66852
Convert 6141 (base 9) to base 4.
1012030
-10111101 (base 2) to base 15
-c9
179 (base 10) to base 15
be
-243414 (base 5) t